p(13).
14
Let v(w) = -w**2 - 7*w - 8. Suppose -15*y - 1940 = -5*y. Let q = 186 + y. Give v(q).
-16
Let p(g) = 126*g + 510. Let a = 2131 + -2135. Give p(a).
6
Let w(j) = 24*j - 1606. Let y be w(67). Let r(z) = -6*z**3 + 3*z**2 - 2*z. What is r(y)?
-40
Suppose -3*j = -8*j + 375. Let u = j + -62. Suppose 7*b + u = 6. Let n(q) = 10*q**2 - 2*q - 1. Determine n(b).
11
Let a(l) = -4 + 233*l + 243*l - 475*l - 2. Suppose -3*q + 144 = -5*n, -4*q = -0*n - n - 39. Let k = -22 - n. What is a(k)?
-1
Let n be -1*(8/28 + 1023/(-77)). Let y(r) be the second derivative of 0 + 1/2*r**2 + n*r + 1/12*r**4 + 1/6*r**3. Calculate y(-3).
7
Suppose 5*q - 16 = -6. Let w(h) = 3*h + 25*h - 4*h - 20*h + 2 - h - 4*h. Calculate w(q).
0
Let s(m) = -m**3 - 4*m**2 + 22*m. Let w be s(3). Let n(k) be the first derivative of k**3/3 - 3*k**2 + 3*k + 2. Let z be n(w). Let o(y) = -y - 7. Give o(z).
-1
Let a(w) = -996*w**3 + 59*w**2 - 29*w + 26 + 2026*w**3 - 1028*w**3. Give a(-30).
-4
Let c(h) = 5*h + 5. Let m = -1128 + 1121. What is c(m)?
-30
Let y be 3/(-2) + 3/2. Let r(j) be the second derivative of -j**3/6 + 6*j**2 + j + 16420. Determine r(y).
12
Let o(w) = -w**3 + 12*w**2 - 13*w + 15. Let x = 824 - 833. Let m = x + 20. Give o(m).
-7
Suppose -1636*i = -1609*i - 135. Let o(l) = -5*l + 11. Give o(i).
-14
Let i(w) = -2*w**2 - 2 + 376*w + 6*w**2 - 5*w**2 - 3 - 350*w. Give i(26).
-5
Suppose -3*g = 2*m - 6, 5*m + 5*g = -0 + 5. Let z(p) = -2*p**3 - 2*p**2 + 11*p + 11. Determine z(m).
14
Let i be (5 - 3)*-2 - -5. Suppose 0*c - b - i = 3*c, 4*c + 4*b = 12. Let f(r) = -r**2 + r - 2. What is f(c)?
-8
Let l(t) = 11*t**2 - 34*t + 107. Let r(i) = -9*i**2 + 29*i - 108. Let b(g) = 5*l(g) + 6*r(g). Determine b(-13).
4
Let c(o) = 15*o**2 - 360 - 34*o**2 + o + 18*o**2 + 326. Let v = 6 + -6. Give c(v).
-34
Let r(c) = 66*c - 15. Let j be (-18)/30 - 6/15. Let x(h) = -5*h + 1. Let b(p) = j*r(p) - 12*x(p). Determine b(3).
-15
Suppose -18*f = -96 - 12. Suppose -f = -c - 2*c. Let n(l) = -7*l**2 + c*l - 1 - 6*l**2 + 8*l**2 + l**2. Give n(-2).
-21
Suppose r - 22 = -6*d, 0 = -9*r + 14*r + 5*d - 10. Let s(n) = -2*n**3 - 2*n**2 - 5*n - 2. Give s(r).
16
Let d(r) be the third derivative of r**6/120 + r**5/10 + 5*r**4/24 + 3*r**3/2 + 3036*r**2. Give d(-3).
21
Let r be -8 + (12 + 11 - 9). Let p(h) = h + 11. What is p(r)?
17
Let y(r) = r**3 + r + 1. Let j be y(-1). Let a(l) be the second derivative of 5*l**3/3 + l**2/2 + 190*l. Determine a(j).
-9
Let h(n) = -2*n**2 + 3*n - 3. Let f(c) = -c**2 - 1. Suppose 0 = 5*r - 9*r - 12. Let t(w) = r*f(w) + h(w). Suppose -10 = 4*y - 2. Calculate t(y).
-2
Let j(u) = -u**2 + 27*u - 177. Let w(l) = -61*l - 778. Let g be w(-13). What is j(g)?
3
Suppose w + 4*c + 5 = 0, -16*c + 11*c = 10. Let u(o) = -2*o**2 - 6*o. Calculate u(w).
-36
Let b(u) = -u**2 + 14*u + 15. Let a(n) = -n**3 - 9*n**2 - 106*n - 947. Let q be a(-9). What is b(q)?
64
Let d(q) = -q. Let g be 42*(-8 - 136/(-16)) - 7. Calculate d(g).
-14
Suppose -749*q - 9 = -752*q. Let m(g) = g**3 - 3*g**2 - g + 3. What is m(q)?
0
Let j be ((2/(-8))/(33/627))/(17/204). Let u(i) = -7*i - 393. Determine u(j).
6
Let z(h) be the second derivative of h**4/12 - 5*h**3/6 - 3*h**2/2 - 9*h + 4. Let o be (-2 - (-6)/(-3)) + 1. Give z(o).
21
Suppose -720 = -9*z + 1179. Let b = 206 - z. Let c(h) = -h**2 - 2*h + 2. Calculate c(b).
-13
Let l(k) = -2*k**3 - 3*k**2 - 3*k - 2. Let q(h) = -8*h**2 + 66*h - 11. Let m be q(8). Suppose -10*i + 5 = -5*i + 3*n, 0 = m*i - 5*n + 35. What is l(i)?
8
Let m(i) = -5*i**2 + 53*i - 100. Let a be m(2). Let b(j) be the third derivative of j**6/120 + j**5/4 + 13*j**4/24 - 19*j**3/6 - 4*j**2. Calculate b(a).
-5
Suppose -14 = 38*p - 45*p. Let o(x) = 535*x**2 - 266*x**2 - 271*x**2 - p*x + 1. Give o(1).
-3
Suppose -2*b + 0 = -12. Let n(z) be the first derivative of z**3 + z**2/2 + 4*z + 8. Let v(q) = -8*q**2 - 4*q - 13. Let w(c) = 11*n(c) + 4*v(c). Determine w(b).
-2
Let h(i) = -11*i - 37. Let m(d) = -5*d - 18. Let a(k) = -6*h(k) + 13*m(k). Let l(o) = o + 2. Let p be l(11). Determine a(p).
1
Let n(b) = 11*b**2 + 16*b + 10. Let z(x) = 9*x**2 + 14*x + 9. Let y(f) = -5*n(f) + 6*z(f). Determine y(5).
-1
Suppose 235*f + 18 = 226*f. Let j(z) = -4*z**2 + 2*z + 1. Determine j(f).
-19
Suppose 3*z = -0*z - 57. Let d = 16 + z. Let c(x) = 3*x**3 - 3*x - 7. Let b(k) = -8*k**3 + k**2 + 9*k + 20. Let j(q) = 4*b(q) + 11*c(q). Give j(d).
3
Let d(y) = 19*y - 187. Let r(p) = 7*p - 73. Let x(j) = -5*d(j) + 13*r(j). Determine x(-8).
18
Suppose -4*x - 28*x - 66 = 62. Let w(g) = -5 + 4*g**2 - 3*g - 1 + g**3 - 2 + 3. Calculate w(x).
7
Let h(a) = -1249 + 2498 - 3*a - 1246. Let x(v) = v - 1. Let k(n) = h(n) + 4*x(n). Determine k(-5).
-6
Suppose 1 - 235 = 26*r. Let o(u) = -u**2 - 11*u - 22. Let d be o(r). Let c(b) = b**3 + 6*b**2 + 6*b + 4. Determine c(d).
12
Let u(x) = 2*x**3 - 98*x**2 - 34*x - 9. Let k(t) = -t**3 + 45*t**2 + 16*t + 4. Let h(f) = 13*k(f) + 6*u(f). Calculate h(-4).
-2
Let f(v) = 14*v**3 + 6*v + 193. Let u(j) = -5*j**3 + j**2 - 2*j - 64. Let h(w) = 3*f(w) + 8*u(w). Determine h(-5).
7
Let k be (-33)/(-7) - 6/(-21). Let m = -5 + k. Let t(x) = -52*x - 54*x + 9 - 50*x + 157*x. Give t(m).
9
Let n(v) be the third derivative of -v**6/60 - v**5/15 - v**4/12 - v**3/3 - v**2 - 359*v. Calculate n(-4).
70
Let h(p) be the third derivative of -p**5/60 + 5*p**4/8 - 3*p**3 - 2842*p**2. What is h(17)?
-52
Let x(i) be the first derivative of i**3/3 + i**2/2 - 11*i - 7. Let d(u) be the first derivative of x(u). Suppose -2*o - 24 = -28. What is d(o)?
5
Let r(x) = 5*x**3 - x**2 - 4*x - 4. Let a be r(-4). Let t be 576/a + (-2)/9*1. Let q(z) = z**2 + 3*z + 5. Calculate q(t).
3
Let u(m) = m**2 + m - 5. Let g(b) = 28*b + 623. Let n be g(-22). Determine u(n).
51
Let n(c) = 2*c - 2. Let t be n(2). Let r(v) = 3 - v**3 + t*v + 3 - v - v**2. Suppose -4*b - 2*l = -11 + 1, -4*b + 5*l = 25. What is r(b)?
6
Let p(y) = 4*y**2. Suppose 6*g = g + 140. Suppose g = -9*v + 7*v. Let s = v + 15. What is p(s)?
4
Let l(x) = -x**2 + 3*x - 1. Suppose -107 = 2*n - 3*f - 284, -4*n = f - 333. Suppose 0*t + d = 4*t + 331, 3*d = -5*t - 401. Let c = t + n. Give l(c).
1
Let l = -864 + 873. Let i(q) be the first derivative of -q**4/4 + 8*q**3/3 + 11*q**2/2 - 11*q - 1. Determine i(l).
7
Let x(i) = -3*i**2 + 0 + 3 + 2*i**2 - i**3. Let s be (-120)/64 - (-1)/(-8). Let q be (s - (2 - 5))*0. What is x(q)?
3
Let y(d) = 2*d + 6. Suppose -l = 4*k + 18, 15*l + k - 1 = 12*l. Suppose -3*p + 12 = 0, -h - l*h = -3*p + 12. Give y(h).
6
Suppose -4*c - 84 = -112. Suppose -2*s = o - c*s - 3, -3*s = 0. Let r(d) = 2*d - 4. Calculate r(o).
2
Let i(x) = -x**3 - 19*x**2 - 18*x - 6. Suppose -13 = -z - 11. Suppose -l + 3*l + 2 = 0, -5*p - z*l - 92 = 0. Give i(p).
-6
Let u(m) = 34*m**2 - 4*m + 1. Let n(k) = -k. Suppose 2*d + 3*d = -10. Let f(g) = d*n(g) + u(g). Calculate f(1).
33
Let o = -364 - -366. Let m(i) = -6 + 1 + 10 + 6*i - 6*i**o - i**3 - 5*i - 9. Suppose 2 + 22 = -4*k. What is m(k)?
-10
Let d = 210 + -209. Suppose 4*h - 2*t = 4, 3*h + d + 9 = -5*t. Let o(p) = -p - 10. Give o(h).
-10
Suppose -2*p + 23*x = -184, -92 = 2*p + 4*x - 60. Let g(s) = 3*s + 41. Calculate g(p).
41
Let h(q) = -11*q**2 - 41*q - 14. Let u(z) = -12*z**2 - 46*z - 16. Let n(d) = -11*h(d) + 10*u(d). Determine n(11).
16
Let o(a) = 500*a - 51. Let u(z) = 667*z - 50. Let i(l) = -4*o(l) + 3*u(l). What is i(-41)?
13
Let r(u) = u**3 - 3*u**2 - 3*u - 11. Let x(l) = -3*l**2 - 27*l + 70. Let c be x(-11). What is r(c)?
-7
Let k(b) be the first derivative of b**5/20 + b**4/6 + b**3/2 + b**2/2 + 197*b + 9. Let t(z) be the first derivative of k(z). Determine t(-3).
-17
Let x(d) = -2*d**2 - 5*d + 2. Suppose -2*b = 2*h - 6*h - 6, -5*b + h = -15. Suppose -p - 10 = j, 20*j - 18*j = b*p + 5. Determine x(j).
-23
Let m(y) = -y**3 + 9*y**2 + 10*y - 12. Suppose -19*g + 22*g = 72. Let x be 1258/119 - g/42. Calculate m(x).
-12
Let q(h) = 2732 + 21*h + 2726 - 5461. What is q(2)?
39
Let q(s) = 7*s - 34. Let y(d) = 72*d - 328. Let f(o) = 58*q(o) - 6*y(o). Calculate f(-2).
48
Suppose 293*v + 472 = 301*v. Suppose -8*w - v = 5. Let s(q) = -5*q**2 + 15*q - 31. Let h(j) = j**2 - 4*j + 8. Let u(r) = 9*h(r) + 2*s(r). Give u(w).
-6
Suppose 3*q - 84 = 5*t - 29, -4*t + 2*q - 46 = 0. Let o(m) = -m**3 - 15*m**2 - 8*m + 77. Let n be o(t). Let s(w) = -w**3 - 6*w**2 + 7*w 